{"id":435,"date":"2024-01-24T05:02:49","date_gmt":"2024-01-24T04:02:49","guid":{"rendered":"https:\/\/juntosxlatierra.com\/?page_id=435"},"modified":"2024-01-24T05:10:24","modified_gmt":"2024-01-24T04:10:24","slug":"series","status":"publish","type":"page","link":"https:\/\/juntosxlatierra.com\/index.php\/series\/","title":{"rendered":"Series"},"content":{"rendered":"<div class=\"wpb-content-wrapper\"><p>[vc_row full_width=&#8221;stretch_row&#8221; full_height=&#8221;yes&#8221; bg_type=&#8221;bg_color&#8221; seperator_enable=&#8221;seperator_enable_value&#8221; seperator_type=&#8221;tilt_right_seperator&#8221; seperator_position=&#8221;bottom_seperator&#8221; seperator_svg_height=&#8221;100&#8243; seperator_shape_background=&#8221;#f9591e&#8221; type=&#8221;vc_default&#8221; el_id=&#8221;company&#8221; bg_color_value=&#8221;#4d8136&#8243; css=&#8221;.vc_custom_1706069265354{padding-top: 200px !important;padding-bottom: 200px !important;background-color: #31932c !important;}&#8221;][vc_column][vc_empty_space height=&#8221;132px&#8221;][\/vc_column][vc_column width=&#8221;1\/2&#8243;]<div id=\"ultimate-heading-344469e8eb837df8c\" class=\"uvc-heading ult-adjust-bottom-margin ultimate-heading-344469e8eb837df8c uvc-249 \" data-hspacer=\"no_spacer\"  data-halign=\"left\" style=\"text-align:left\"><div class=\"uvc-heading-spacer no_spacer\" style=\"top\"><\/div><div class=\"uvc-main-heading ult-responsive\"  data-ultimate-target='.uvc-heading.ultimate-heading-344469e8eb837df8c h2'  data-responsive-json-new='{\"font-size\":\"desktop:40px;tablet:40px;tablet_portrait:20px;mobile_landscape:20px;mobile:20px;\",\"line-height\":\"\"}' ><h2 style=\"font-family:&#039;Catamaran&#039;;font-weight:800;color:#ffffff;margin-top:-15px;\">Mira<\/h2><\/div><\/div><div id=\"ultimate-heading-513769e8eb837dfd6\" class=\"uvc-heading ult-adjust-bottom-margin ultimate-heading-513769e8eb837dfd6 uvc-668 \" data-hspacer=\"no_spacer\"  data-halign=\"left\" style=\"text-align:left\"><div class=\"uvc-heading-spacer no_spacer\" style=\"top\"><\/div><div class=\"uvc-main-heading ult-responsive\"  data-ultimate-target='.uvc-heading.ultimate-heading-513769e8eb837dfd6 h2'  data-responsive-json-new='{\"font-size\":\"desktop:40px;tablet:40px;tablet_portrait:20px;mobile_landscape:20px;mobile:20px;\",\"line-height\":\"\"}' ><h2 style=\"font-family:&#039;Catamaran&#039;;font-weight:700;color:#ffffff;margin-top:-15px;\">nuestras series<\/h2><\/div><\/div>[vc_empty_space height=&#8221;50px&#8221;][vc_empty_space height=&#8221;50px&#8221;][vc_single_image image=&#8221;254&#8243; img_size=&#8221;full&#8221; css=&#8221;.vc_custom_1701659381445{margin-top: 50px !important;}&#8221;][vc_row_inner css=&#8221;.vc_custom_1701660651256{padding-right: 16% !important;padding-left: 13% !important;}&#8221;][vc_column_inner]<div id=\"ultimate-heading-872669e8eb837dffc\" class=\"uvc-heading ult-adjust-bottom-margin ultimate-heading-872669e8eb837dffc uvc-5282  uvc-heading-default-font-sizes\" data-hspacer=\"no_spacer\"  data-halign=\"left\" style=\"text-align:left\"><div class=\"uvc-heading-spacer no_spacer\" style=\"top\"><\/div><div class=\"uvc-main-heading ult-responsive\"  data-ultimate-target='.uvc-heading.ultimate-heading-872669e8eb837dffc h2'  data-responsive-json-new='{\"font-size\":\"\",\"line-height\":\"\"}' ><h2 style=\"font-family:&#039;Catamaran&#039;;font-weight:700;color:#140000;margin-top:-285px;\">Revelaciones del Camino<\/h2><\/div><\/div><div id=\"ultimate-heading-34969e8eb837e01e\" class=\"uvc-heading ult-adjust-bottom-margin ultimate-heading-34969e8eb837e01e uvc-9083  uvc-heading-default-font-sizes\" data-hspacer=\"no_spacer\"  data-halign=\"left\" style=\"text-align:left\"><div class=\"uvc-heading-spacer no_spacer\" style=\"top\"><\/div><div class=\"uvc-main-heading ult-responsive\"  data-ultimate-target='.uvc-heading.ultimate-heading-34969e8eb837e01e h4'  data-responsive-json-new='{\"font-size\":\"\",\"line-height\":\"\"}' ><h4 style=\"font-family:&#039;Catamaran&#039;;font-weight:500;color:#ffffff;margin-top:-200px;\">Un viaje de 28 dias solo y sin dinero por Ecuador, Per\u00fa y Chile, intercambiando casa, comida y transporte por la promesa de plantar \u00e1rboles, adquiriendo as\u00ed una deuda de 33.494 \u00e1rboles por plantar.<\/h4><\/div><\/div><style type=\"text\/css\" data-type=\"the7_shortcodes-inline-css\">#default-btn-6713abe5e1de67742c7367d22cc4fb8d {\n  border-radius: 0px;\n  font-size: 20px;\n  line-height: 22px;\n}\n.btn-shadow#default-btn-6713abe5e1de67742c7367d22cc4fb8d {\n  box-shadow: 0 1px 6px rgba(0,0,0,0.12);\n  transition: box-shadow 0.2s ease-out, opacity 0.45s;\n}\n.btn-shadow#default-btn-6713abe5e1de67742c7367d22cc4fb8d:hover {\n  box-shadow: 0 5px 11px 0 rgba(0,0,0,0.18), 0 4px 15px 0 rgba(0,0,0,0.15);\n}\n.btn-3d#default-btn-6713abe5e1de67742c7367d22cc4fb8d {\n  box-shadow: 0px 2px 0px 0px rgba(0,0,0,0.01);\n}\n.btn-flat#default-btn-6713abe5e1de67742c7367d22cc4fb8d {\n  box-shadow: none;\n}\n.btn-flat#default-btn-6713abe5e1de67742c7367d22cc4fb8d:hover {\n  box-shadow: none;\n}\n#default-btn-6713abe5e1de67742c7367d22cc4fb8d.ico-right-side > i {\n  margin-right: 0px;\n  margin-left: 14px;\n}\n#default-btn-6713abe5e1de67742c7367d22cc4fb8d > i {\n  margin-right: 14px;\n  font-size: 18px;\n}\n#default-btn-6713abe5e1de67742c7367d22cc4fb8d:not(:hover) {\n  border-width: 0px;\n  border-color: rgba(0,0,0,0.01) !important;\n  color: #c6d6c5;\n  background: rgba(0,0,0,0.01) !important;\n  padding: 12px 12px 12px 12px;\n}\n#default-btn-6713abe5e1de67742c7367d22cc4fb8d:not(:hover) * {\n  color: #c6d6c5;\n}\n#default-btn-6713abe5e1de67742c7367d22cc4fb8d:hover {\n  border-width: 0px;\n  color: #ffffff;\n  background: none !important;\n  padding: 12px 12px 12px 12px;\n}\n#default-btn-6713abe5e1de67742c7367d22cc4fb8d:hover * {\n  color: #ffffff;\n}\n#default-btn-6713abe5e1de67742c7367d22cc4fb8d.ico-right-side > i {\n  margin-right: 0px;\n  margin-left: 14px;\n}\n#default-btn-6713abe5e1de67742c7367d22cc4fb8d > i {\n  margin-right: 14px;\n}\n<\/style><div class=\"btn-align-center\"><a href=\"https:\/\/juntosxlatierra.com\/index.php\/series\/home-2-2-2\/\" class=\"default-btn-shortcode dt-btn ico-right-side btn-flat \" id=\"default-btn-6713abe5e1de67742c7367d22cc4fb8d\" title=\"Revelaciones del Camino\"><span>Ver ahora<\/span><i class=\"icomoon-the7-font-the7-arrow-39 flecha\"><\/i><\/a><\/div>[\/vc_column_inner][\/vc_row_inner][\/vc_column][vc_column width=&#8221;1\/2&#8243; css=&#8221;.vc_custom_1701658436282{margin-top: -150px !important;}&#8221;][vc_single_image image=&#8221;258&#8243; img_size=&#8221;full&#8221; css=&#8221;.vc_custom_1701660861495{margin-top: 50px !important;}&#8221;][vc_row_inner css=&#8221;.vc_custom_1701660651256{padding-right: 16% !important;padding-left: 13% !important;}&#8221;][vc_column_inner]<div id=\"ultimate-heading-446069e8eb837e2b0\" class=\"uvc-heading ult-adjust-bottom-margin ultimate-heading-446069e8eb837e2b0 uvc-2761  uvc-heading-default-font-sizes\" data-hspacer=\"no_spacer\"  data-halign=\"center\" style=\"text-align:center\"><div class=\"uvc-heading-spacer no_spacer\" style=\"top\"><\/div><div class=\"uvc-main-heading ult-responsive\"  data-ultimate-target='.uvc-heading.ultimate-heading-446069e8eb837e2b0 h2'  data-responsive-json-new='{\"font-size\":\"\",\"line-height\":\"\"}' ><h2 style=\"font-family:&#039;Catamaran&#039;;font-weight:700;color:#140000;margin-top:-80%;\">Agentes de Cambio<\/h2><\/div><\/div><div id=\"ultimate-heading-872469e8eb837e2de\" class=\"uvc-heading ult-adjust-bottom-margin ultimate-heading-872469e8eb837e2de uvc-7949  uvc-heading-default-font-sizes\" data-hspacer=\"no_spacer\"  data-halign=\"left\" style=\"text-align:left\"><div class=\"uvc-heading-spacer no_spacer\" style=\"top\"><\/div><div class=\"uvc-main-heading ult-responsive\"  data-ultimate-target='.uvc-heading.ultimate-heading-872469e8eb837e2de h4'  data-responsive-json-new='{\"font-size\":\"\",\"line-height\":\"\"}' ><h4 style=\"font-family:&#039;Catamaran&#039;;font-weight:500;color:#ffffff;margin-top:-200px;\">Para los m\u00e1s peque\u00f1os de la casa, una serie que elevar\u00e1 su conciencia y amor por nuestro planeta con expertos apasionados de la ecolog\u00eda en 4 desaf\u00edos ambientales.<\/h4><\/div><\/div>[\/vc_column_inner][\/vc_row_inner]<style type=\"text\/css\" data-type=\"the7_shortcodes-inline-css\">#default-btn-7ee6568c570438f48eaf26f7d19b7240 {\n  border-radius: 0px;\n  font-size: 20px;\n  line-height: 22px;\n}\n.btn-shadow#default-btn-7ee6568c570438f48eaf26f7d19b7240 {\n  box-shadow: 0 1px 6px rgba(0,0,0,0.12);\n  transition: box-shadow 0.2s ease-out, opacity 0.45s;\n}\n.btn-shadow#default-btn-7ee6568c570438f48eaf26f7d19b7240:hover {\n  box-shadow: 0 5px 11px 0 rgba(0,0,0,0.18), 0 4px 15px 0 rgba(0,0,0,0.15);\n}\n.btn-3d#default-btn-7ee6568c570438f48eaf26f7d19b7240 {\n  box-shadow: 0px 2px 0px 0px rgba(0,0,0,0.01);\n}\n.btn-flat#default-btn-7ee6568c570438f48eaf26f7d19b7240 {\n  box-shadow: none;\n}\n.btn-flat#default-btn-7ee6568c570438f48eaf26f7d19b7240:hover {\n  box-shadow: none;\n}\n#default-btn-7ee6568c570438f48eaf26f7d19b7240.ico-right-side > i {\n  margin-right: 0px;\n  margin-left: 14px;\n}\n#default-btn-7ee6568c570438f48eaf26f7d19b7240 > i {\n  margin-right: 14px;\n  font-size: 18px;\n}\n#default-btn-7ee6568c570438f48eaf26f7d19b7240:not(:hover) {\n  border-width: 0px;\n  border-color: rgba(0,0,0,0.01) !important;\n  color: #c6d6c5;\n  background: rgba(0,0,0,0.01) !important;\n  padding: 12px 12px 12px 12px;\n}\n#default-btn-7ee6568c570438f48eaf26f7d19b7240:not(:hover) * {\n  color: #c6d6c5;\n}\n#default-btn-7ee6568c570438f48eaf26f7d19b7240:hover {\n  border-width: 0px;\n  color: #ffffff;\n  background: none !important;\n  padding: 12px 12px 12px 12px;\n}\n#default-btn-7ee6568c570438f48eaf26f7d19b7240:hover * {\n  color: #ffffff;\n}\n#default-btn-7ee6568c570438f48eaf26f7d19b7240.ico-right-side > i {\n  margin-right: 0px;\n  margin-left: 14px;\n}\n#default-btn-7ee6568c570438f48eaf26f7d19b7240 > i {\n  margin-right: 14px;\n}\n<\/style><div class=\"btn-align-center\"><a href=\"https:\/\/juntosxlatierra.com\/index.php\/series\/home-2\/\" class=\"default-btn-shortcode dt-btn ico-right-side btn-flat \" id=\"default-btn-7ee6568c570438f48eaf26f7d19b7240\" title=\"Agentes de Cambio\"><span>Ver ahora<\/span><i class=\"icomoon-the7-font-the7-arrow-39 flecha\"><\/i><\/a><\/div>[\/vc_column][\/vc_row][vc_row full_width=&#8221;stretch_row&#8221; seperator_enable=&#8221;seperator_enable_value&#8221; seperator_type=&#8221;tilt_right_seperator&#8221; seperator_svg_height=&#8221;300&#8243; seperator_shape_background=&#8221;#f9591e&#8221; type=&#8221;vc_default&#8221; css=&#8221;.vc_custom_1706069254432{padding-top: 220px !important;padding-right: 50px !important;padding-bottom: 50px !important;padding-left: 50px !important;background: #f9591e url(https:\/\/juntosxlatierra.com\/wp-content\/uploads\/2024\/01\/papel-cortado-1.png?id=365) !important;background-position: center !important;background-repeat: no-repeat !important;background-size: cover !important;}&#8221;][vc_column][vc_row_inner][vc_column_inner width=&#8221;1\/4&#8243;][vc_single_image image=&#8221;211&#8243;][\/vc_column_inner][vc_column_inner width=&#8221;3\/4&#8243;][\/vc_column_inner][\/vc_row_inner][\/vc_column][\/vc_row]<\/p>\n<\/div>","protected":false},"excerpt":{"rendered":"<p>[vc_row full_width=&#8221;stretch_row&#8221; full_height=&#8221;yes&#8221; bg_type=&#8221;bg_color&#8221; seperator_enable=&#8221;seperator_enable_value&#8221; seperator_type=&#8221;tilt_right_seperator&#8221; seperator_position=&#8221;bottom_seperator&#8221; seperator_svg_height=&#8221;100&#8243; seperator_shape_background=&#8221;#f9591e&#8221; type=&#8221;vc_default&#8221; el_id=&#8221;company&#8221; bg_color_value=&#8221;#4d8136&#8243; css=&#8221;.vc_custom_1706069265354{padding-top: 200px !important;padding-bottom: 200px !important;background-color: #31932c !important;}&#8221;][vc_column][vc_empty_space height=&#8221;132px&#8221;][\/vc_column][vc_column width=&#8221;1\/2&#8243;][vc_empty_space height=&#8221;50px&#8221;][vc_empty_space height=&#8221;50px&#8221;][vc_single_image image=&#8221;254&#8243; img_size=&#8221;full&#8221; css=&#8221;.vc_custom_1701659381445{margin-top: 50px !important;}&#8221;][vc_row_inner css=&#8221;.vc_custom_1701660651256{padding-right: 16% !important;padding-left: 13% !important;}&#8221;][vc_column_inner][\/vc_column_inner][\/vc_row_inner][\/vc_column][vc_column width=&#8221;1\/2&#8243; css=&#8221;.vc_custom_1701658436282{margin-top: -150px !important;}&#8221;][vc_single_image image=&#8221;258&#8243; img_size=&#8221;full&#8221; css=&#8221;.vc_custom_1701660861495{margin-top: 50px !important;}&#8221;][vc_row_inner css=&#8221;.vc_custom_1701660651256{padding-right: 16% !important;padding-left: 13% !important;}&#8221;][vc_column_inner][\/vc_column_inner][\/vc_row_inner][\/vc_column][\/vc_row][vc_row full_width=&#8221;stretch_row&#8221; seperator_enable=&#8221;seperator_enable_value&#8221; seperator_type=&#8221;tilt_right_seperator&#8221; seperator_svg_height=&#8221;300&#8243; seperator_shape_background=&#8221;#f9591e&#8221; type=&#8221;vc_default&#8221; css=&#8221;.vc_custom_1706069254432{padding-top: 220px&hellip;<\/p>\n","protected":false},"author":1,"featured_media":0,"parent":0,"menu_order":0,"comment_status":"closed","ping_status":"closed","template":"template-microsite.php","meta":{"footnotes":""},"aioseo_notices":[],"_links":{"self":[{"href":"https:\/\/juntosxlatierra.com\/index.php\/wp-json\/wp\/v2\/pages\/435"}],"collection":[{"href":"https:\/\/juntosxlatierra.com\/index.php\/wp-json\/wp\/v2\/pages"}],"about":[{"href":"https:\/\/juntosxlatierra.com\/index.php\/wp-json\/wp\/v2\/types\/page"}],"author":[{"embeddable":true,"href":"https:\/\/juntosxlatierra.com\/index.php\/wp-json\/wp\/v2\/users\/1"}],"replies":[{"embeddable":true,"href":"https:\/\/juntosxlatierra.com\/index.php\/wp-json\/wp\/v2\/comments?post=435"}],"version-history":[{"count":3,"href":"https:\/\/juntosxlatierra.com\/index.php\/wp-json\/wp\/v2\/pages\/435\/revisions"}],"predecessor-version":[{"id":695,"href":"https:\/\/juntosxlatierra.com\/index.php\/wp-json\/wp\/v2\/pages\/435\/revisions\/695"}],"wp:attachment":[{"href":"https:\/\/juntosxlatierra.com\/index.php\/wp-json\/wp\/v2\/media?parent=435"}],"curies":[{"name":"wp","href":"https:\/\/api.w.org\/{rel}","templated":true}]}}